t is u(-7)?
-26
Let r(h) = 15*h + 120. What is r(-7)?
15
Let v(y) = y**3 - y - 34. What is v(0)?
-34
Let a(v) = -12*v**2 + 2. Calculate a(-2).
-46
Let a(h) = -h**3 - 7*h**2 + 3*h - 4. Give a(-4).
-64
Let x(p) = 3*p**2 - 20*p - 5. What is x(9)?
58
Let z(p) = p**2 + 1. Give z(-1).
2
Let s(w) = 5*w - 14. Calculate s(-10).
-64
Let y(g) = -42*g + 131. Give y(3).
5
Let q(d) = 32*d - 198. Give q(6).
-6
Let s(a) = -4*a - 6. Calculate s(2).
-14
Let q(l) = -l**2 - 11*l + 2. Determine q(-11).
2
Let s(o) = 19*o + 4. Determine s(-3).
-53
Let z(y) = 48*y + 34. What is z(-3)?
-110
Let o(g) = -g + 11. Determine o(6).
5
Let u(s) = -2*s + 11. Calculate u(-10).
31
Let k(w) = -w**2 + 14*w - 2. Determine k(14).
-2
Let b(h) = -6*h + 31. Give b(6).
-5
Let q(f) = -4*f**3 - 3*f**2 - f + 2. What is q(-2)?
24
Let n(m) = -m**3 - m**2 + 3. Calculate n(0).
3
Let c(r) = r - 24. Give c(18).
-6
Let v(u) = -4*u**2 - 3*u + 1. Give v(1).
-6
Let g(s) = -s + 20. Give g(23).
-3
Let c(p) = p**2 - 7*p - 226. Give c(-12).
2
Let i(f) = 33*f + 16. Determine i(-1).
-17
Let d(x) = -3*x**2 - 7*x - 7. Determine d(-6).
-73
Let w(f) = f - 5. Calculate w(-6).
-11
Let b(q) = -q**3 - 9*q**2 + q - 5. Calculate b(-7).
-110
Let b(o) = -o**2 - o + 56. What is b(-8)?
0
Let v(g) = -g**2 - 8*g + 17. Calculate v(-8).
17
Let w(g) = -g**3 - 9*g**2 + 12*g + 9. Determine w(-10).
-11
Let q(i) = -i**2 + 33*i - 240. Calculate q(21).
12
Let v(y) = -y**2 + 6*y + 9. Determine v(8).
-7
Let n(y) = 4*y + 6. What is n(6)?
30
Let s(f) = 4*f + 174. Calculate s(-45).
-6
Let r(c) = -7*c + 138. What is r(29)?
-65
Let h(n) = n**2 - 8*n + 11. Determine h(8).
11
Let p(d) = d**3 + 11*d**2 + 10*d - 3. Give p(-6).
117
Let c(w) = -w**3 - 7*w**2 + 4*w - 7. Calculate c(-8).
25
Let x(g) = -10*g + 147. Give x(13).
17
Let y(u) = u**2 + 27*u + 147. What is y(-8)?
-5
Let o(l) = -2*l + 48. Give o(11).
26
Let t(q) = q**2 + 8*q - 2. Give t(-8).
-2
Let t(z) = -z**2 + 11*z + 45. What is t(13)?
19
Let n(k) = -k**2 + 11*k + 5. What is n(15)?
-55
Let y(t) = -19*t + 733. Determine y(38).
11
Let z(n) = -n**3 + 12*n**2 - 7*n + 9. Determine z(7).
205
Let a(m) = 2*m**2 + 8*m + 8. What is a(-7)?
50
Let z(l) = -l - 10. Calculate z(-14).
4
Let c(o) = o**2 + 10*o - 2. Calculate c(-11).
9
Let l(t) = -t**2 - 3*t - 6. Calculate l(-4).
-10
Let l(y) = 15*y - 21. What is l(4)?
39
Let t(k) = k**2 + 9*k - 3. Determine t(-9).
-3
Let w(r) = -r**2 + 2*r + 6. Give w(-2).
-2
Let v(w) = -2*w**3 - 13*w**2 - 23*w - 2. What is v(-3)?
4
Let p(b) = b**2 + b - 4. What is p(-3)?
2
Let j(v) = -3*v**3 + 10*v**2 + 10*v - 7. What is j(5)?
-82
Let z(r) = -2*r**3 - 2*r**2 + 4*r. What is z(2)?
-16
Let v(z) = 6*z - 21. Calculate v(13).
57
Let a(f) = 296*f - 291. Determine a(1).
5
Let m(t) = t**3 + 12*t**2 - 17. Determine m(-12).
-17
Let t(a) = 2*a + 1. Calculate t(2).
5
Let c(t) = -t - 13. Give c(-4).
-9
Let t(b) = b**3 - 11*b**2 + 2*b + 4. Determine t(10).
-76
Let g(s) = 10*s + 2. Calculate g(-5).
-48
Let t(z) = -z**3 - 9*z**2 - 7*z + 11. What is t(-7)?
-38
Let v(g) = 22*g + 1086. Calculate v(-49).
8
Let r(w) = w**3 - 5*w**2 - 4*w + 14. What is r(5)?
-6
Let y(x) = -44*x - 172. Determine y(-4).
4
Let m(r) = -22*r + 4. Calculate m(-2).
48
Let o(x) = -6*x - 9. Calculate o(-4).
15
Let l(x) = -x**3 + 11*x**2 + 11*x + 5. Calculate l(12).
-7
Let y(z) = -z**2 - 12*z - 7. What is y(0)?
-7
Let f(l) = -15*l. Determine f(3).
-45
Let t(z) = -2*z**3 - 12*z**2 - 12*z - 73. Calculate t(-6).
-1
Let i(p) = 3*p - 14. What is i(4)?
-2
Let q(o) = 17*o - 98. Give q(7).
21
Let h(l) = -9*l**2 - 75*l - 8. What is h(-7)?
76
Let f(l) = 2*l**2 + 4*l - 71. Calculate f(0).
-71
Let l(v) = v**2 + 10*v - 32. What is l(-11)?
-21
Let i(p) = 9*p - 107. Determine i(11).
-8
Let r(h) = -3*h**2 - 13*h + 2. Determine r(-5).
-8
Let a(h) = -9*h + 3. Calculate a(2).
-15
Let z(c) = c**3 - c**2 + c + 23. Give z(0).
23
Let p(u) = u**2 - 23*u + 36. Give p(21).
-6
Let r(h) = h**2 + 30*h - 34. Give r(-31).
-3
Let l(h) = -4*h - 25. What is l(-4)?
-9
Let y(h) = -h**2 + 16*h - 60. Give y(4).
-12
Let h(y) = -2*y**3 + 139*y**2 + 71*y - 77. Give h(70).
-7
Let s(x) = -2*x**2 - 6*x + 7. Determine s(-4).
-1
Let x(r) = 2*r**3 + 6*r**2 + 3*r + 3. Give x(-4).
-41
Let l(s) = -2*s - 20. Determine l(9).
-38
Let c(g) = -g**3 - 2*g**2 + 5*g - 3. Give c(-4).
9
Let p(x) = -x**2 + 17*x + 19. Determine p(18).
1
Let v(u) = u**3 + 12*u**2 - 22*u - 25. Give v(-14).
-109
Let b(g) = -16*g - 53. Give b(-4).
11
Let a(j) = j**3 + 2*j**2 - 4*j - 5. Calculate a(-4).
-21
Let u(i) = i**2 + 24*i - 305. Calculate u(10).
35
Let c(j) = -22*j + 289. What is c(13)?
3
Let a(u) = 3*u**2 - 50*u + 184. Give a(11).
-3
Let f(y) = -102*y - 3. Give f(1).
-105
Let z(u) = -64*u**2 + u - 1. Give z(1).
-64
Let q(w) = 3*w + 3. Calculate q(-4).
-9
Let x(w) = -20*w + 1. Determine x(1).
-19
Let h(n) = n**2 - 14*n - 6. Calculate h(14).
-6
Let i(y) = 2*y**3 - 2*y - 2. Determine i(2).
10
Let w(g) = g**2 - 24*g - 81. Calculate w(27).
0
Let m(r) = -r**3 + 11*r**2 + 3*r - 6. Give m(11).
27
Let s(q) = 2*q**2 + 11*q + 13. Determine s(-3).
-2
Let k(i) = -13*i + 5. What is k(3)?
-34
Let n(s) = -s**2 + 16*s + 21. Give n(17).
4
Let s(t) = -t**2 - 10*t + 13. Determine s(-11).
2
Let v(w) = w**3 + 2*w**2 + 2*w + 3. Give v(-2).
-1
Let d(o) = o**3 + 2*o**2 + 2*o - 1. Calculate d(-2).
-5
Let g(h) = -h**3 + h**2 + 8*h - 7. What is g(3)?
-1
Let d(w) = -28*w**3 + 1. Give d(-1).
29
Let c(a) = a**3 + 9*a**2 + 22*a - 1. Calculate c(-5).
-11
Let c(a) = -3*a + 33. Determine c(10).
3
Let n(x) = -2*x + 15. What is n(15)?
-15
Let a(s) = -25*s - 46. Determine a(-6).
104
Let o(b) = 5*b**2 - 45*b + 10. Determine o(9).
10
Let f(j) = j - 6. Give f(10).
4
Let g(i) = 2*i + 1. Determine g(-3).
-5
Let n(a) = -21*a - 6. Calculate n(2).
-48
Let n(t) = 9*t - 3. Calculate n(-2).
-21
Let u(r) = 11*r + 28. Give u(-2).
6
Let q(j) = j**3 - 3*j**2 - 5*j + 9. Give q(3).
-6
Let h(v) = v**3 + 8*v**2 + 5*v + 5. Determine h(-7).
19
Let h(z) = 12*z + 570. Calculate h(-46).
18
Let d(t) = 26*t**2 + 11*t + 1. Give d(-2).
83
Let k(a) = -2*a**2 + 25*a - 29. Give k(12).
-17
Let w(k) = -2*k**3 - 3*k**2 - 2*k - 4. Give w(-3).
29
Let u(b) = -7*b + 4. Give u(4).
-24
Let q(o) = -o**2 - 11*o + 15. Calculate q(-12).
3
Let l(o) = o + 1. Determine l(-9).
-8
Let j(x) = 50*x**3 - 2*x**2 + 1. Give j(1).
49
Let s(l) = -7*l**3 + 2*l**2 - 1. What is s(1)?
-6
Let v(r) = -r**3 + 20*r**2 - 52*r + 28. Determine v(17).
11
Let o(i) = -i**3 - 5*i**2 + 2*i - 1. What is o(-4)?
-25
Let m(l) = -2*l + 2. What is m(-1)?
4
Let v(o) = -o**2 - 15*o - 21. What is v(-2)?
5
Let d(z) = -9*z + 257. Calculate d(28).
5
Let p(n) = n**3 - 17*n**2 - 2*n + 41. What is p(17)?
7
Let d(p) = -p**3 + 10*p**2 + 17*p + 84. Determine d(12).
0
Let r(s) = -5*s**3 + 6*s**2 + s + 7. Calculate r(3).
-71
Let t(u) = -u**3 - 12*u**2 - 23*u + 39. What is t(-9)?
3
Let i(r) = r**2 - 8*r. Calculate i(6).
-12
Let v(i) = i**3 - 7*i**2 - 3*i + 16. What is v(7)?
-5
Let n(g) = g**3 - 6*g**2 + g + 1. What is n(5)?
-19
Let k(a) = a**3 + 7*a**2 - 3*a - 24. Determine k(-7).
-3
Let f(j) = 4*j - 86. Determine f(23).
6
Let b(p) = 2*p**2 - 12*p + 19. Determine b(3).
1
Let i(v) = 7*v - 119. Calculate i(18).
7
Let u(o) = -66*o - 186. Give u(-3).
12
Let n(l) = -l**3 - 2*l**2 + 2*l - 4. What is n(-4)?
20
Let v(b) = b**3 + 9*b**2 - 11*b + 4. Calculate v(-10).
14
Let z(f) = -122*f + 858. Determine z(7).
4
Let k(g) = g**3 - 18*g**2 + 14*g + 51. Determine k(17).
0
Let r(f) = -6*f**2 + 4*f + 4. Give r(1).
2
Let q(z) = 17*z**2 - 3*z - 1. What is q(-2)?
73
Let t(d) = -6*d - 14. Calculate t(-9).
40
Let o(x) = x**2 - 3*x - 2. What is o(3)?
-2
Let p(w) = -w**2 + 8*w - 13. What is p(7)?
-6
Let v(i) = i**3 + 4*i**2 + 2*i + 3. Give v(-3).
6
Let g(r) = -3*r**2 - 17*r - 20. What is g(-2)?
2
Let w(k) = k**3 + 4*k**2 + 3*k + 8. Calculate w(-4).
-4
Let b(s) = s**3 + 19*s**2 - 2*s - 26. Calculate b(-19).
12
Let l(k) = -3*k + 19. What is l(8)?
-5
Let j(f) = -f**3 - 6*f**2 + 15*f - 2. What is j(-8)?
6
Let q(x) = -x**3 + 14*x**2 - 3*x - 3. Calculate q(14).
-45
Let u(s) = -s**2 - 8*s + 13. Give u(-9).
4
Let d(f) = f**3 - 25*f + 32. Calculate d(4).
-4
Let n(g) = -g**2 - 9*g - 1. What is n(2)?
-23
Let p(x) = -x**3 + x**2 + 7*x - 7. What is p(0)?
-7
Let s(g) = -g**2 + 6. Determine s(-6).
-30
Let k(s) = s**2 + 4*s + 1. Calculate k(4).
33
L